m - u + 389. List the prime factors of m.
3, 5, 13
Suppose -5*a - 51992 = -g, -48*g - 103984 = -50*g + a. What are the prime factors of g?
2, 67, 97
Let u = 22381 + 9510. List the prime factors of u.
31891
Suppose 3*q + 0*r = 2*r + 3065, 0 = 2*q - 2*r - 2042. Suppose -q = -3*b - 0*b. What are the prime factors of b?
11, 31
Let p be 176/33 + 4/(-3). Suppose -12*b - 533 = -14*b - 3*f, p*f - 274 = -b. What are the prime factors of b?
2, 131
Let w(s) = -19*s + 63. Let h be w(6). Let l = h + 92. Let g = 238 - l. List the prime factors of g.
197
Let l = -391 - -799. Let h(a) = -a**3 - 3*a**2 + 2*a - 3. Let n be h(-4). Suppose -n*b - l = -4*p, -5*p + 408 = -p + 2*b. What are the prime factors of p?
2, 3, 17
List the prime factors of (149535/(-6))/((-171)/114).
5, 3323
Suppose -4*r = 91*o - 96*o - 3356, 2*o = 5*r - 4212. What are the prime factors of r?
2, 211
Let n(a) = 78*a - 80*a + 7 - 3*a**2 + 0*a**2 + 4*a**2. What are the prime factors of n(6)?
31
Let q = 11299 + 3349. List the prime factors of q.
2, 1831
Let l = 3976 + 223. Suppose -9*v + l = 10*v. What are the prime factors of v?
13, 17
Let a(h) = 11*h - 1 + 2*h**2 - 3*h**2 - 23*h - 39*h**3 + 9*h. What are the prime factors of a(-2)?
313
Let m(g) = -g**2 + 2*g + 31. Let s be m(7). Let t be 2/((s/(-61))/2). Suppose b - t = -0*b. What are the prime factors of b?
61
Let o = 30 - 15. Suppose 38 = -15*s + 158. Let r = o - s. List the prime factors of r.
7
List the prime factors of (-122)/2196 - 2128540/(-72).
17, 37, 47
Suppose 3*g + 5*l + 344 = 0, 0*l = -3*g + 4*l - 335. Let p = -90 - g. List the prime factors of p.
23
Let y = 82 + -94. Let n be (-24)/20*2910/y. Suppose -6*x = -3*x - n. What are the prime factors of x?
97
Let i be -88*(2 - (1 - -2)). Let n = 55 - i. Let g = 208 + n. List the prime factors of g.
5, 7
Let g(u) = -1172*u - 181. List the prime factors of g(-5).
3, 631
Suppose -6*w + 2*w - 124 = 0. Let m be (-11)/(1 - (-40)/(-36)). Let h = w + m. What are the prime factors of h?
2, 17
Let c(y) = -y**2 + 9*y + 3. Let h be c(9). Let t(z) = 49*z**3 + z**2 + 5*z - 1. Let p be t(2). Suppose -h*l + 183 = -p. List the prime factors of l.
2, 7
Let h(t) = -11*t**3 + 3*t**2 + 23*t + 19. List the prime factors of h(-8).
5659
Suppose 53*t + 20*t = -30*t + 5763365. What are the prime factors of t?
5, 19, 31
Let g = 12851 + -6055. List the prime factors of g.
2, 1699
Let i = 4065 + -966. What are the prime factors of i?
3, 1033
Let f(u) = -10*u + 7. Suppose -3*s = 3*s - 348. Suppose 14 = -4*p - s. What are the prime factors of f(p)?
11, 17
Let r(l) = -9*l - 157. Let v be r(-18). Suppose m - h = 63, -4*h - 54 - 261 = -v*m. List the prime factors of m.
3, 7
Suppose 13*o - 19*o - 2022 = 0. List the prime factors of -4*(-6)/(-24)*o.
337
Let a(u) = -12*u**3 - 70*u**2 + 19*u + 90. What are the prime factors of a(-19)?
56767
Suppose 42*w = 41*w + 99. Let q = 168 - w. List the prime factors of q.
3, 23
Let y = 68209 + -43092. List the prime factors of y.
25117
Let n(a) = 124*a**2 - 11*a + 35. List the prime factors of n(-7).
2, 7, 13, 17
Let l = -357 + 254. Let h = 105 + l. Suppose 2*i - 59 = -f, -i = -h*i + 4*f + 25. List the prime factors of i.
29
Let v(o) = -1669*o**3 + 2*o**2 + 3*o - 3. List the prime factors of v(-2).
13, 79
Let h(l) = -22*l + 2. Let o be h(3). Let f = -1134 + 1233. Let z = f + o. List the prime factors of z.
5, 7
What are the prime factors of (-5 + 10 - 2) + (4300 - 4)?
3, 1433
Let t = -1402 + 926. List the prime factors of ((-4)/(-5))/(48/120) - t.
2, 239
Let j(f) = -f + 12. Let r be j(-17). Suppose -r*y + 9218 = -7*y. List the prime factors of y.
419
Let x = -555 + 318. Let a = x + 454. What are the prime factors of a?
7, 31
Let v be (35 - 15)*(-330)/(-8). Suppose 0 = 26*f - 2671 + v. What are the prime factors of f?
71
Suppose 2*p = -3*b + b + 20, -3*b = 2*p - 24. Let v(c) be the third derivative of 11*c**4/24 + 14*c**3/3 - 2*c**2. What are the prime factors of v(p)?
2, 47
Let m(s) = 28*s**3 - 3*s - 13. Let w be m(4). Suppose w = 4*l + 5*a, 2*a - 206 = -l + 238. List the prime factors of l.
2, 3, 73
Let t(b) = -49*b - 9. Let v(o) = -o**3 + 15*o**2 - 14*o - 2. Suppose -2*j + 25 = 3*x, -5*j - 4*x + 38 = -2*j. Let g be v(j). What are the prime factors of t(g)?
89
Let a(z) = 2*z**2 - 5*z - 8. Let b(u) = 3*u**2 - 3*u - 8. Let h(y) = -4*a(y) + 3*b(y). What are the prime factors of h(-18)?
2, 67
Let i(a) = 2*a**3 + 35*a**2 + 20*a - 15. Let z be i(-16). Let c = -228 + z. What are the prime factors of c?
5, 41
Suppose 4*i = 40*u - 38*u - 2122, -4*i + 20 = 0. Suppose -4*a - 5*w = -a - 3281, u = a - 4*w. List the prime factors of a.
1087
Let u = 45 + 11. Let s = u - 54. Suppose 68 = s*j + 26. List the prime factors of j.
3, 7
Suppose 0 = 3*s + 6, -r + 58502 = -267*s + 269*s. List the prime factors of r.
2, 3, 7, 199
Let m = 11285 - 5080. What are the prime factors of m?
5, 17, 73
Let q(n) = -18 - 2*n + 22 + 27. Let w be q(14). List the prime factors of (-98)/(-6) - (-2)/w.
17
Suppose 21*f - 99103 = 63626. List the prime factors of f.
3, 7, 41
Let y = -339 - -45. Suppose 113 = f - 436. Let d = y + f. List the prime factors of d.
3, 5, 17
Let k(l) = -l**2 + 16*l + 2. Let r be -3 - (-22)/6 - (-26)/6. Let n(i) = -i + 12. Let a be n(r). List the prime factors of k(a).
5, 13
List the prime factors of (-5466)/((-16)/(-128)*-12).
2, 911
Let x be (56/(-12) - -4) + 772/(-3). Let r = x - -843. What are the prime factors of r?
3, 5, 13
Let t = -236 + 240. Let r(a) = 40*a + 73. List the prime factors of r(t).
233
Let b(p) = -p**3 + 9*p**2 - 6*p - 16. Let r be b(8). Suppose -7*i + 6*i + 25 = r. What are the prime factors of i - 0 - -4 - -1?
2, 3, 5
Suppose 19999 = v + 5*t, t = 1120*v - 1117*v - 59869. List the prime factors of v.
3, 6653
Let z be 1 + 2 - -1 - 2. Let u be z*4/(-40) + (-3873)/(-15). Let h = u - 28. What are the prime factors of h?
2, 5, 23
Let u = 60 - 60. Suppose 5*o - 3*v - 14 = 0, -5*o + u*v = -v - 18. Suppose -11*p = -o*p - 1099. List the prime factors of p.
157
Suppose 0 = -5*u + 4*f - 3, 3*u + 4*f + 2 = -19. Let v(c) = 89*c**2 + c + 14. Let w be v(u). Suppose w = 11*t + 97. What are the prime factors of t?
5, 13
Suppose -5*u + 308 = -3*u. Suppose -14*r + 1364 = 384. Let s = u - r. List the prime factors of s.
2, 3, 7
Suppose 1280 + 90 = b. Let g = b - 953. What are the prime factors of g?
3, 139
What are the prime factors of 2751*(-25)/40*(-96)/36?
5, 7, 131
List the prime factors of 67874/4 + 2 - (-1374)/916.
2, 4243
Let k(q) = -7 - 2*q + 2*q + 8*q**2. Let l = 727 + -730. What are the prime factors of k(l)?
5, 13
Let f(r) = 4*r - 27. Let d be f(8). Suppose 9*y - d*y = 1192. Suppose -32 = -15*q + y. List the prime factors of q.
2, 11
Suppose -46780 = 13*h - 160*h + 1001771. List the prime factors of h.
7, 1019
Suppose 26*k + 4290 = -13*k. List the prime factors of (k + -1)*120/(-18).
2, 5, 37
Let i(t) = t**3 - 7*t**2 - 20*t + 6. Let u be i(9). What are the prime factors of 532/5 - u/(-30)?
2, 53
Let p = -38906 + 60325. List the prime factors of p.
21419
Let k = 6690 + -3953. List the prime factors of k.
7, 17, 23
Let b = -15698 + 22953. List the prime factors of b.
5, 1451
Let r(y) = y**2 + 10*y + 7. Let l be r(-6). Let g = l + 24. List the prime factors of (-2)/4*g*-20.
2, 5, 7
Suppose 0 = 56*o + 6*o + 45*o - 824863. List the prime factors of o.
13, 593
Let p = -259 - -261. Suppose -4*k - 78 + 510 = p*s, 0 = s + 4*k - 212. List the prime factors of s.
2, 5, 11
Suppose 48*c = -135*c + 2122434. What are the prime factors of c?
2, 3, 1933
Suppose 241*p + 315*p = 25553760. What are the prime factors of p?
2, 3, 5, 383
List the prime factors of ((-822564)/52)/(-3) + (-4)/52*-2.
5273
Let l(g) = g. Let p(y) = 25*y + 21. Let z(x) = 5*l(x) - p(x). What are the prime factors of z(-5)?
79
List the prime factors of (70182/(-567))/(1/6*12/(-18)).
2, 557
Let k = -891 - -1399. Suppose 0 = p + p - k. What are the prime factors of p?
2, 127
Suppose 5*v = 6018*q - 6021*q + 191459, 0 = -5*q - 10. What are the prime factors of v?
149, 257
Let g(d) = 174*d + 21. Let c = -41 + 51. Let s be g(c). What are the prime factors of 1 + s/27 + 14/(-63)?
2, 3, 11
Let c = 9387 - 5969. What are the prime factors of c?
2, 1709
Let f = 97476 - 68888. List the prime factors of f.
2, 7, 1021
What are the prime factor